-20534
What is 11001333 (base 4) in base 2?
101000001111111
What is 7938 (base 11) in base 4?
2203033
Convert -44 (base 15) to base 6.
-144
Convert -2110021 (base 5) to base 8.
-104303
Convert 1240 (base 16) to base 14.
19ba
-34323 (base 5) to base 6
-15223
Convert 1a22 (base 14) to base 2.
1001001111110
What is 134023 (base 6) in base 16?
30ff
-1988 (base 11) to base 2
-100111010100
What is 101000000 (base 2) in base 7?
635
875 (base 9) to base 7
2042
What is 11112000 (base 3) in base 6?
23130
6887 (base 12) to base 3
120221111
Convert 492 (base 10) to base 9.
606
Convert 3030442 (base 5) to base 10.
48872
Convert 1332 (base 11) to base 16.
6c1
2213 (base 5) to base 3
102102
Convert 35030 (base 7) to base 5.
241224
-11304 (base 5) to base 6
-3501
Convert 11120 (base 4) to base 9.
422
-1227 (base 9) to base 15
-411
-4646 (base 9) to base 10
-3444
Convert -303d (base 16) to base 7.
-51001
What is 1000011100 (base 2) in base 11?
451
What is 9726 (base 11) in base 9?
18562
Convert -11010001101010 (base 2) to base 6.
-142042
-362 (base 14) to base 2
-1010100010
Convert 2aa (base 11) to base 14.
1bc
Convert 1162 (base 8) to base 13.
392
What is -3c8 (base 16) in base 13?
-596
Convert 4357 (base 8) to base 9.
3121
-21222 (base 4) to base 12
-436
What is 4613 (base 7) in base 15?
76b
41 (base 7) to base 15
1e
Convert 528 (base 9) to base 3.
120222
Convert -1490 (base 10) to base 11.
-1135
Convert 3856 (base 16) to base 12.
841a
2120212122 (base 3) to base 11
352a9
What is -353 (base 7) in base 16?
-b9
What is 122333 (base 5) in base 9?
6422
147 (base 15) to base 6
1204
2ba6 (base 16) to base 6
123422
-223432 (base 5) to base 13
-383a
Convert 764 (base 14) to base 13.
884
Convert 70f (base 16) to base 13.
a90
Convert -517 (base 10) to base 3.
-201011
Convert 7c11 (base 13) to base 11.
120a8
What is -115b (base 12) in base 15?
-898
Convert 561 (base 10) to base 3.
202210
What is -10200 (base 4) in base 9?
-350
Convert 10c2e (base 16) to base 10.
68654
-447a (base 15) to base 7
-60214
Convert 5562 (base 8) to base 14.
10d4
Convert 23d (base 15) to base 12.
364
What is 509 (base 11) in base 16?
266
101111100011 (base 2) to base 7
11605
Convert 797c (base 15) to base 12.
12ab3
-a66 (base 16) to base 6
-20154
Convert -1ca7 (base 14) to base 16.
-147b
3780 (base 9) to base 15
c86
-1000110 (base 3) to base 14
-3ad
6e (base 15) to base 8
150
-18a5 (base 13) to base 15
-1159
-1946 (base 16) to base 2
-1100101000110
Convert 208 (base 14) to base 9.
484
-543 (base 8) to base 16
-163
What is 594 (base 14) in base 10?
1110
Convert -7d7 (base 16) to base 10.
-2007
What is -13544 (base 9) in base 13?
-4252
What is c02 (base 15) in base 6?
20302
Convert -a60b (base 14) to base 16.
-6fd3
Convert -836 (base 15) to base 8.
-3473
Convert 371 (base 9) to base 5.
2212
-2123423 (base 5) to base 13
-1358c
What is 1586 (base 11) in base 7?
5630
What is -3784 (base 13) in base 3?
-101210221
What is 23ec (base 15) in base 4?
1313133
Convert 2259 (base 10) to base 5.
33014
What is 2021 (base 5) in base 11?
218
What is 41213 (base 5) in base 13?
12b5
12e (base 15) to base 13
179
-9652 (base 12) to base 2
-100000001011110
Convert -262 (base 15) to base 4.
-20132
What is 111001101 (base 3) in base 12?
560a
Convert 23404 (base 5) to base 6.
12001
Convert 438b (base 13) to base 5.
300120
-b58 (base 16) to base 6
-21240
6560 (base 10) to base 7
25061
2057 (base 10) to base 9
2735
Convert -1210 (base 6) to base 2.
-100100110
Convert b1c (base 14) to base 9.
2884
Convert 1102 (base 4) to base 16.
52
Convert 2220014 (base 5) to base 7.
221000
Convert -753 (base 8) to base 10.
-491
What is -21001 (base 3) in base 10?
-190
Convert 198 (base 14) to base 4.
11022
Convert -3300 (base 6) to base 7.
-2130
-62066 (base 7) to base 15
-4745
1010011100111111 (base 2) to base 7
235553
What is 366 (base 9) in base 5?
2203
Convert -110101111000111 (base 2) to base 6.
-331423
1943 (base 10) to base 14
9cb
133541 (base 6) to base 14
47c1
What is -4530 (base 6) in base 16?
-426
864 (base 9) to base 2
1011000010
What is -2230 (base 7) in base 10?
-805
-70 (base 12) to base 13
-66
What is 24bb4 (base 13) in base 14?
1aa72
What is 1c8 (base 16) in base 11?
385
bad (base 14) to base 7
6506
What is 11174 (base 13) in base 7?
156305
What is 100 (base 11) in base 4?
1321
What is 2078 (base 13) in base 11?
3415
What is -1202211 (base 3) in base 11?
-a74
What is -11001010100 (base 2) in base 13?
-978
Convert 26325 (base 9) to base 11.
12388
-370 (base 15) to base 10
-780
Convert -12042 (base 5) to base 11.
-746
What is -10020021 (base 3) in base 10?
-2356
a88 (base 14) to base 3
2212001
-16102 (base 7) to base 6
-32514
What is 28087 (base 10) in base 9?
42467
Convert 4223 (base 6) to base 9.
1266
-1222010202 (base 3) to base 16
-9752
Convert -10110010 (base 2) to base 11.
-152
Convert -3402 (base 6) to base 14.
-40a
-13383 (base 9) to base 13
-4185
What is -2a80 (base 16) in base 4?
-2222000
Convert 1011001000001101 (base 2) to base 6.
551005
Convert -980 (base 11) to base 15.
-537
1120012101 (base 3) to base 4
13200223
What is 1010000010010111 (base 2) in base 16?
a097
What is 4b3 (base 13) in base 4?
30312
Convert 1bb78 (base 12) to base 13.
15b12
Convert -3134 (base 5) to base 3.
-120112
-21544 (base 7) to base 11
-408a
1959 (base 10) to base 15
8a9
What is 101202211 (base 3) in base 10?
7852
-19dd (base 15) to base 7
-22231
11010110 (base 2) to base 15
e4
544 (base 11) to base 6
3005
-1427b (base 12) to base 13
-c9b3
33277 (base 8) to base 11
a591
What is -2338 (base 11) in base 15?
-d96
What is -1942 (base 10) in base 9?
-2587
What is 16b (base 14) in base 7?
564
What is a30 (base 12) in base 10?
1476
Convert -2b9 (base 12) to base 11.
-360
154551 (base 7) to base 6
353013
-31702 (base 8) to base 14
-4b86
What is -2593 (base 11) in base 16?
-d29
What is -101101 (base 3) in base 2?
-100011000
Convert 220 (base 7) to base 6.
304
3523 (base 7) to base 13
784
What is -3249 (base 12) in base 14?
-202d
What is -1120020211 (base 3) in base 9?
-46224
53 (base 13) to base 6
152
2210033 (base 4) to base 7
42434
What is 111101001010 (base 2) in base 14?
15d8
Convert b64 (base 15) to base 10.
2569
What is 1418 (base 9) in base 13?
644
Convert 28c08 (base 13) to base 15.
17b09
Convert 5632 (base 16) to base 10.
22066
-46301 (base 9) to base 5
-1441422
4317 (base 9) to base 5
100200
Convert 120111 (base 5) to base 9.
6035
What is 1a34 (base 11) in base 4?
220102
What is -7a0 (base 12) in base 6?
-5120
-101011001111 (base 2) to base 4
-223033
Convert -1 (base 15) to base 5.
-1
44041 (base 5) to base 2
101111001101
Convert -642 (base 7) to base 2.
-101000100
-20000 (base 3) to base 7
-321
What is 32a3 (base 15) in base 12?
6260
Convert -33502 (base 11) to base 16.
-bd8b
-38 (base 9) to base 7
-50
9 (base 16) to base 8
11
What is e64 (base 15) in base 7?
12313
What is 10001010011100 (base 2) in base 5?
240420
Convert 122120 (base 4) to base 7.
4631
-5570 (base 13) to base 7
-46520
Convert 1110001011111 (base 2) to base 12.
4253
What is 212201222 (base 3) in base 4?
10032122
-676 (base 14) to base 9
-1672
Convert 80 (base 14) to base 6.
304
What is -a59 (base 16) in base 13?
-128a
What is 255 (base 9) in base 14?
112
Convert -35 (base 6) to base 5.
-43
What is -154 (base 13) in base 11?
-1a7
-10200 (base 5) to base 3
-221000
-210201 (base 4) to base 5
-33322
-8dd4 (base 14) to base 4
-12001232
Convert 6470 (base 9) to base 8.
11231
-4ff (base 16) to base 12
-8a7
Convert 113532 (base 7) to base 10.
20505
Convert -110143 (base 7) to base 4.
-10231120
What is -3a20 (base 12) in base 10?
-6648
What is -1602 (base 7) in base 3?
-212200
Convert -53641 (base 9) to base 12.
-18677
Convert 249f (base 16) to base 10.
9375
-a31 (base 14) to base 9
-2665
Convert 4010213 (base 5) to base 4.
33123033
What is -107a (base 13) in base 12?
-13b6
-1321 (base 4) to base 5
-441
What is 4341 (base 8) in base 6?
14305
Convert 815 (base 9) to base 12.
472
Convert -111044 (base 5) to base 14.
-15c7
1680 (base 16) to base 10
5760
What is 82b (base 16) in base 9?
2773
Convert 2655 (base 13) to base 15.
1953
What is -603 (base 9) in base 10?
-489
What is 1900 (base 13) in base 7?
13561
What is 21102222 (base 3) in base 13?
2615
Convert 73b (base 14